 + 4 + 2*f**3 + 3*f - f - 2*f**2. Let i be (-5 - -6 - 2)*-35. Suppose -p - i = -33. What is k(p)?
5
Let h(m) = m**3 + 7*m**2 + 6*m + 2. Let g be h(-6). Suppose -5*o = -3*r + 14, -4*o - g = -3*r + 11. Let d(b) = 3319 + 3324 - 2*b - 6647. Give d(r).
-10
Let r(i) = 1 + i**2 + 17*i - 15 + 3 + 7. Give r(-9).
-76
Let f(w) be the third derivative of -w**5/60 + 7*w**4/8 - 59*w**3/3 + w**2 + 7*w + 82. Calculate f(13).
-14
Let r(q) be the second derivative of 11*q**4/12 + 3*q**3/2 + 7*q**2/2 - 466*q + 1. Give r(-1).
9
Let h = -3697 - -3692. Let i(k) = 4*k**2 + 8*k - 4. Determine i(h).
56
Let s be ((-1950)/(-2275))/(3/(-28)). Let f(y) = y - 8 - 4*y + 4*y. What is f(s)?
-16
Let z(d) = -d**3 - 3*d**2 + d - 2. Let b(u) = -4*u**2 - 3*u**2 - 6*u + 20 + u**3 - 31. Let k be b(8). Suppose -2*g = -p + 11, -2*g + k*p - 16 = -5*g. Give z(g).
-5
Let k(n) be the third derivative of -1/24*n**4 + n**2 + 0*n - 1/6*n**3 + 0. Let o = -124288 + 124293. Calculate k(o).
-6
Let l be (-1)/(-7) + (-595)/49. Let g be (6/(-4))/(l/568). Let n(r) = 71 + r - g. What is n(-5)?
-5
Let i(s) = s**2 + 3*s - 3. Let p = 109 + -354. Let a = p - -247. What is i(a)?
7
Let u(w) = -14 - 2 - 90*w + 248*w - 157*w + 0. Let g = -19 + 33. Determine u(g).
-2
Let y(w) = 3*w**2 + 40*w + 28. Let g be y(-19). Let b = 351 - g. Let z(c) = -c**2 + c + 11. Determine z(b).
11
Let l(h) = 5*h - 1. Let x be (14/(-21))/((-3)/(-9)). Let y(u) = 25*u**2 - 2*u - 1. Let v be y(x). Let o = 104 - v. Determine l(o).
4
Let z(m) = -299*m - 2388. Let c be z(-8). Let r(y) = 2*y**3 - 4*y**2 - 5*y. Give r(c).
44
Let u(r) = 97 - 89 - 2*r + 0*r. Suppose c - 34 - 65 = -3*g, 0 = g - c - 33. Suppose 3*b + 3*f - g = -2*b, 5*b - f - 29 = 0. Give u(b).
-4
Suppose 18*y + 837 = 729. Let o(j) = 4*j + 30. Give o(y).
6
Let k be 6/(-33) - 180/(-22). Let h be (16/16)/(2/k). Let f(u) = -89 + 11*u**2 + 88 + 4*u - 3*u - h*u**2. Determine f(1).
7
Let b(w) = -16*w + 93 - 3*w + 15 + 7*w - 51. Give b(6).
-15
Let t = 7879 + -7886. Let m(k) = -k**3 - 8*k**2 - 2*k - 10. What is m(t)?
-45
Let y be (-3)/2 + (-5)/(-2). Let u(f) = 3*f - 3*f - y + 5*f. Let b(x) = -x**3 + 6*x**2 + 19*x - 25. Let l be b(8). Determine u(l).
-6
Let d(r) be the first derivative of 7/2*r**2 - 69 + 2*r. Calculate d(-4).
-26
Suppose 2*j + 18 = 2. Let m(h) = -110 - 115 - 117 - 10*h + 3*h - h - h**2 + 337. What is m(j)?
-5
Let t(r) = 1 - 2*r + 3*r + 2 - 6. Let s be ((-8)/10 - (-6061)/95) + 4. Let j = -71 + s. Calculate t(j).
-7
Let l(u) = 3*u**3 - 1697*u - 8 + 3284*u - 9*u**2 - 1596*u. Determine l(4).
4
Let d(h) be the first derivative of -h**4/2 + 22*h**3/3 + 23*h**2/2 + 4*h + 1398. Calculate d(12).
-8
Let c(r) = -26*r**3 + 1. Let f be 0/11 - (-1 + 0). What is c(f)?
-25
Suppose -158*s - 966 = -1106*s + 3774. Suppose 0 = 4*k - g + 5*g - 20, -5*k + 31 = 2*g. Let x(q) = -k*q + 4*q + 9 + 2*q. Calculate x(s).
4
Let a(c) be the first derivative of -8*c + 80 - 5*c**2 - 1/3*c**3. Give a(-9).
1
Let i(n) = 3*n - 23. Let y(d) = -3. Let g be (104/(-32) + 3)*-4. Let a(x) = g*i(x) - 6*y(x). Determine a(7).
16
Let t(h) be the first derivative of 10 - 1/2*h**2 + 6*h. Let m(l) = -l + 7. Let x(z) = 2*m(z) - 3*t(z). Determine x(6).
2
Let q(s) be the first derivative of s**2/2 + 3*s - 75. Suppose 3*w - 54 = w. Let t = -32 + w. Determine q(t).
-2
Let b(v) = v**2 + 2*v. Let t(r) = 4*r**2 + 16*r + 5. Let n(z) = -5*b(z) + t(z). Suppose -19*d - 55 = -169. Calculate n(d).
5
Let a(n) = n + 10. Let i = -3078 - -3074. Suppose -2*m - 12 = -5*m. Let y be (-2)/i*m - 7. What is a(y)?
5
Let g(t) = -4*t - 50. Let u be (99/18)/((-6)/4 + 1). Let m(v) = -2*v - 26. Let s(n) = u*m(n) + 6*g(n). Give s(-10).
6
Suppose -2*l = -5*h + 17, 3*h - 5*l + 1 = -4. Let w(y) = 4*y**2 + 253 - y**3 + 4*y - 606 + 346. Determine w(h).
-12
Let m(q) be the second derivative of 118*q - 1/3*q**4 + 1/2*q**2 + 1/2*q**3 + 0. Determine m(-2).
-21
Let v(n) = 31*n**2 + 3*n + 25. Let t(q) = 88*q**2 + 10*q + 73. Let s(m) = 6*t(m) - 17*v(m). Calculate s(-9).
13
Let a(m) = 3*m**2 + 206*m - m**2 + 204*m - 2 - 408*m. Let u(i) = -i**2 - 5*i + 4. Let r be u(1). Calculate a(r).
2
Let q(i) = -5*i**3 + 96*i**2 - 82*i + 7. Let r(m) = -m**3 + 24*m**2 - 21*m + 3. Let b(s) = -2*q(s) + 9*r(s). What is b(-25)?
13
Let x(z) = z**2 - 38*z + 58. Suppose 0 = -350*y + 338*y + 408. Calculate x(y).
-78
Let v(w) = w**2 - 5*w - 6. Suppose 14 = 17*b - 122. Determine v(b).
18
Let g(l) be the first derivative of 5*l - l**2 - 30 - 1/3*l**3. Calculate g(-6).
-19
Let x(k) = k**3 - k + 15. Let g(t) be the second derivative of -t**3/3 - 7*t**2/2 + 13*t. Let y be g(-4). Let s(m) = 4*m - 4. Let i be s(y). What is x(i)?
15
Let c(l) be the first derivative of -l**7/840 + l**6/45 - l**5/60 - l**4/12 + 3*l**3 - 7*l - 77. Let d(t) be the third derivative of c(t). Give d(8).
-18
Let w(f) = 16*f**2 - 13*f + 14. Let r(g) = 2*g**2 - 21*g**2 + 1 + 10 + 14*g - 26. Let i(m) = -5*r(m) - 6*w(m). What is i(4)?
7
Let v(t) = 2*t**2 + 10 - t + 4*t**2 - 7*t**2. Let n be 240/(-200)*20/6. Determine v(n).
-2
Let t(c) = -19 - 15 - 2*c + 12 - 8*c. Let d(q) = 12*q + 23. Let v(h) = 4*d(h) + 5*t(h). Give v(-8).
-2
Let l(x) be the second derivative of -x**4/6 + 11*x**3/6 - 7*x**2/2 + 11574*x. Give l(6).
-13
Suppose 13 = 4*v - 3*s + 19, 3*s - 21 = -v. Let q(t) = 2*t + 0*t + 4 + 0. Give q(v).
10
Let f(n) = 17474*n + 77 - 17473*n + 120. What is f(0)?
197
Suppose u = -5*r - 98, -u + 92 = -5*r - 0*u. Let x = -9 - r. Let v be 24/40 - (-54)/x. Let q(d) = -d**2 + 6*d + 5. Determine q(v).
5
Let t be ((-4)/(-14))/((-2)/4)*-7. Let c be t/8 - -2 - 4/(-8). Let x(s) = -s**2 + s. Determine x(c).
-6
Let g(y) be the third derivative of -y**6/120 - 7*y**5/20 - y**4/12 - 35*y**3/6 - 264*y**2 - y. Determine g(-21).
7
Let z(k) = -2*k**3 + 8*k**2 - 3*k + 2. Suppose -69*i + 108 = -42*i. Give z(i).
-10
Suppose 6*n + 75 - 27 = 0. Let j(t) = t**3 + 9*t**2 - 15*t - 11. Let p(l) = l**2 - 3*l - 1. Let h(u) = -j(u) + 2*p(u). Calculate h(n).
1
Let v = -194 + 200. Let z(b) = 57 + 8*b**3 - 6*b**2 - 29 - 7*b**3 - b - 26. Calculate z(v).
-4
Let k(t) be the third derivative of t**6/120 - 11*t**5/60 + 11*t**4/24 - 13*t**3/6 - t**2. Suppose -15*n = 173*n - 6*n - 1820. Give k(n).
-3
Let y(i) = 4*i**3 + 9*i**2 + 5*i - 3. Let p(a) = 3*a**3 + 8*a**2 + 5*a - 2. Let h(v) = -5*p(v) + 4*y(v). Let f = 6768 + -6763. Give h(f).
-2
Let r(l) be the second derivative of 0*l**3 - 1/2*l**4 - 1/720*l**6 - 19*l + 0 + 0*l**2 + 1/10*l**5. Let m(y) be the third derivative of r(y). Give m(6).
6
Let w(l) be the first derivative of l**2/2 + 4*l + 7. Let o be (-20)/(-50)*(19 + -1 - 3). Give w(o).
10
Suppose -q = -0*q + h - 2, -h + 7 = 2*q. Suppose 0 = 4*u + y - 11, 13 = u - q*y - 16. Let f(o) = 7*o - 1. Give f(u).
27
Let y(i) = 9*i**2 - 2564*i - 5. Let t(k) = -5*k**2 + 1442*k + 3. Let v(x) = -16*t(x) - 9*y(x). Let a be -2*(-2)/((-8)/(-6)). Calculate v(a).
0
Let d(h) = -7*h**3 - 9*h**2 + 4*h - 5. Let o(l) = -l**2 - 6*l**3 + 92 - 189 + 91 + 6*l - 9*l**2. Let i(q) = -5*d(q) + 6*o(q). Determine i(-16).
-11
Let v(d) = d**2 - 22*d + 29. Suppose -22 = -j - q, -235*j + 240*j = -4*q + 105. What is v(j)?
-56
Let b(t) = -2*t**2 + t + 2 - 3 + 2*t + 2. Let y(k) = -k**3 + 17*k**2 - 70*k + 22. Let n be y(6). Calculate b(n).
-13
Suppose 4*x - 4*f - 4 = 0, -x - 3*f = -7 - 6. Let z be x/(-8)*-4 - -4. Let n(p) = -5*p + 7. Let q(u) = -9*u + 13. Let g(o) = 7*n(o) - 4*q(o). Give g(z).
3
Let y(l) = l - 15. Let c be (-2)/10*1 + (-1)/(-5). Suppose 2*q - 2*t - 14 = c, -3*t + 4 = 1. What is y(q)?
-7
Let w(j) = -19*j - 10. Let i(x) = -77*x - 34. Let f(a) = -2*i(a) + 9*w(a). Give f(-1).
-5
Let l(s) = -23*s**3 + 16*s**2 - 2*s - 12. Let z(r) = 25*r**3 + 24 - 34*r**2 + 3*r**2 + 230*r + 17*r**3 - 226*r. Let n(m) = 11*l(m) + 6*z(m). Calculate n(-10).
-8
Let u(t) = -t**2 + 9*t + 116. Let k be u(16). Let y(q) = 0 - k*q + 5*q + 0. Give y(-6).
-6
Let x(p) be the third derivative of -2*p**4/3 - 2*p**3/3 - 1387*p**2. Give x(-1).
12
Let d(s) be the second derivative of -s**4/12 + s**3/2 + 53*s**2/2 + 8035*s. What is d(10)?
-17
Let u(l) = l**2 + 10*l - 4. Suppose -5*r = -4*z + 404 - 159, 5*r + 50 = z. Suppose 15*x + z = -85. Calculate u(x).
-4
Let j = -9 + 3. Let k(t) = t**2 - 7*t + 6. Let f(g) = -2*g**2 + 8*g - 5. Let u(p) = -2*f(p) - 3*k(p). Give u(j).
-2
Let i(k) = 9*k + 4. Let j be 6 + 3/(-2)*(-21)/(567/(